{"id":205,"date":"2020-07-08T15:09:42","date_gmt":"2020-07-08T13:09:42","guid":{"rendered":"https:\/\/kitas-randersacker.de\/schuelerhort\/?page_id=205"},"modified":"2023-03-03T14:16:17","modified_gmt":"2023-03-03T13:16:17","slug":"tagesablauf-freizeitpaedagogik","status":"publish","type":"page","link":"https:\/\/kitas-randersacker.de\/schuelerhort\/tagesablauf-freizeitpaedagogik\/","title":{"rendered":"Tagesablauf \/Freizeitp\u00e4dagogik im Hort"},"content":{"rendered":"<p>&nbsp;<\/p>\n<p><strong><u>Tagesablauf im Hort<\/u><\/strong><\/p>\n<p>In der Schulzeit beginnt der Hort nach Unterrichtsende der jeweiligen Klassen.<\/p>\n<p>Die Kinder haben zun\u00e4chst freie Spielzeit, welche wir je nach Witterung in den Gruppen, Hof oder Turnhalle verbringen.<\/p>\n<p>&nbsp;<\/p>\n<p>Um 13 Uhr gibt es Mittagessen f\u00fcr alle Kinder, Brotzeit in der Gruppe oder bestelltes warmes Mittagessen in der Schulk\u00fcche.<\/p>\n<p>Im Anschluss beginnt unsere \u201eHofzeit\u201c, d.h. Bewegung an der frischen Luft, sich austoben nach dem langen Schultag, worauf wir gro\u00dfen Wert legen.<\/p>\n<p>14 Uhr: Gehzeit f\u00fcr Kinder, die ihre Hausaufgaben zuhause erledigen.<\/p>\n<p>Unsere Hausaufgabenzeit beginnt um 14.15 Uhr \u2013 15.30 Uhr (Mo \u2013 Do).<\/p>\n<p>Freitags KEINE Hausaufgabenzeit!<\/p>\n<p>15.30 Beginn t\u00e4glich wechselnder AG\u00b4s, die um 16.30 Uhr enden.<\/p>\n<p>15.30 Uhr\/ 16.00 Uhr\/ 17.00 Uhr: \u00a0Gehzeit\/Abholzeit<\/p>\n<p>17.00 Uhr:\u00a0 Hortende<\/p>\n<p>&nbsp;<\/p>\n<p><strong><u>Freizeitp\u00e4dagogik<\/u><\/strong><\/p>\n<p>Ein Schwerpunkt unserer p\u00e4dagogischen Arbeit ist die aktive Freizeitgestaltung als Ausgleich zu Schule und Hausaufgaben. Es ist uns ein gro\u00dfes Anliegen, die Freizeit mit unseren Kindern individuell, bed\u00fcrfnis- und interessenorientiert zu gestalten.<\/p>\n<p>Hier stehen verschiedenste Spiele und vielf\u00e4ltiges Spielmaterial zur Verf\u00fcgung.<\/p>\n<p>Gerne wird Tischtennis, Basketball, Fu\u00dfball, Tischbillard, Airhockey oder Kicker gespielt<\/p>\n<p>Wer Entspannung sucht, Musik h\u00f6ren oder lesen m\u00f6chte, findet auch hier seinen Raum. Ebenso kommt auch die Kreativit\u00e4t beim Basteln nicht zu kurz.<\/p>\n<p>In der Freizeit nutzen wir gerne die Turnhalle, Werk- und T\u00f6pferraum, den Filmsaal, sowie das Schulgel\u00e4nde zum Bewegen und Spielen im Freien mit Kletterger\u00fcst, Basketballkorb, Schachspiel usw.<\/p>\n","protected":false},"excerpt":{"rendered":"<p>&nbsp; Tagesablauf im Hort In der Schulzeit beginnt der Hort nach Unterrichtsende der jeweiligen Klassen. Die Kinder haben zun\u00e4chst freie Spielzeit, welche wir je nach Witterung in den Gruppen, Hof oder Turnhalle verbringen. &nbsp; Um 13 Uhr gibt es Mittagessen f\u00fcr alle Kinder, Brotzeit in der Gruppe oder bestelltes warmes Mittagessen in der Schulk\u00fcche. Im [&hellip;]<\/p>\n","protected":false},"author":4,"featured_media":0,"parent":0,"menu_order":0,"comment_status":"closed","ping_status":"closed","template":"","meta":{"_acf_changed":false,"footnotes":""},"class_list":["post-205","page","type-page","status-publish","hentry"],"acf":[],"_links":{"self":[{"href":"https:\/\/kitas-randersacker.de\/schuelerhort\/wp-json\/wp\/v2\/pages\/205","targetHints":{"allow":["GET"]}}],"collection":[{"href":"https:\/\/kitas-randersacker.de\/schuelerhort\/wp-json\/wp\/v2\/pages"}],"about":[{"href":"https:\/\/kitas-randersacker.de\/schuelerhort\/wp-json\/wp\/v2\/types\/page"}],"author":[{"embeddable":true,"href":"https:\/\/kitas-randersacker.de\/schuelerhort\/wp-json\/wp\/v2\/users\/4"}],"replies":[{"embeddable":true,"href":"https:\/\/kitas-randersacker.de\/schuelerhort\/wp-json\/wp\/v2\/comments?post=205"}],"version-history":[{"count":5,"href":"https:\/\/kitas-randersacker.de\/schuelerhort\/wp-json\/wp\/v2\/pages\/205\/revisions"}],"predecessor-version":[{"id":452,"href":"https:\/\/kitas-randersacker.de\/schuelerhort\/wp-json\/wp\/v2\/pages\/205\/revisions\/452"}],"wp:attachment":[{"href":"https:\/\/kitas-randersacker.de\/schuelerhort\/wp-json\/wp\/v2\/media?parent=205"}],"curies":[{"name":"wp","href":"https:\/\/api.w.org\/{rel}","templated":true}]}}