{"id":125,"date":"2020-09-22T10:07:22","date_gmt":"2020-09-22T08:07:22","guid":{"rendered":"https:\/\/kitas-randersacker.de\/naturkindergarten\/?page_id=125"},"modified":"2024-10-02T10:50:13","modified_gmt":"2024-10-02T08:50:13","slug":"schliesstage","status":"publish","type":"page","link":"https:\/\/kitas-randersacker.de\/naturkindergarten\/schliesstage\/","title":{"rendered":"Schlie\u00dftage und Termine"},"content":{"rendered":"<p><strong>Schlie\u00dftage und Termine f\u00fcr das Naturkindergarten-Jahr 2024\/25<\/strong><\/p>\n<p><strong>Montag, 14.10.2024<\/strong><br \/>\nArbeitskreistreffen (ab 13.30 Uhr geschlossen)<\/p>\n<p><strong>Freitag, 01.11.2024<br \/>\n<\/strong>Allerheiligen (Feiertag)<\/p>\n<p><strong>Dienstag, 12.11.2024<br \/>\n<\/strong>Sankt Martin (17.30 &#8211; 18.30 Uhr)<\/p>\n<p><strong>Mittwoch, 20.11.2024<br \/>\n<\/strong>Bu\u00df- und Bettag, interne Fortbildung (KIGA geschlossen)<\/p>\n<p><strong>Freitag, 06.12.2024\u00a0<\/strong><br \/>\nNikolausfeier (gruppenintern)<\/p>\n<p><strong>Mittwoch, 11.12.2024<br \/>\n<\/strong>Adventsnachmittag 15.30 &#8211; 17 Uhr<\/p>\n<p><strong>Freitag, 20.12.2024<br \/>\n<\/strong>Weihnachtsfeier (gruppenintern)<\/p>\n<p>Kiga schlie\u00dft um 12 Uhr<\/p>\n<p><strong>23.12.2024 &#8211; 07.01.2025<br \/>\n<\/strong>Weihnachtsferien (KIGA geschlossen)<\/p>\n<p><strong>Freitag, 28.02.2025<br \/>\n<\/strong>Faschingsfeier (gruppenintern)<\/p>\n<p><strong>Dienstag, 04.03.2025<br \/>\n<\/strong>Kiga ab 12 Uhr geschlossen (Faschingsdienstag)<\/p>\n<p><strong>Freitag, 07.03.2025<br \/>\n<\/strong>Fortbildungstag (KIGA geschlossen)<\/p>\n<p><strong>Freitag, 11.04.2025<\/strong><br \/>\nOsternestsuche (gruppenintern)<\/p>\n<p><strong>Freitag, 18.04<br \/>\n<\/strong>Karfreitag (Feiertag, KIGA geschlossen)<\/p>\n<p><strong>Montag, 21.04.2025<br \/>\n<\/strong>Ostermontag (Feiertag, KIGA geschlossen)<\/p>\n<p><strong>Donnerstag, 01.05.2025<br \/>\n<\/strong>Tag der Arbeit (Feiertag, KIGA geschlossen)<\/p>\n<p><strong>Freitag, 02.05.2025<br \/>\n<\/strong>Kiga ab 12 Uhr geschlossen<br \/>\nFr\u00fchlingsfest 14.00 &#8211; 17.00 Uhr<\/p>\n<p><strong>Donnerstag, 29.05.2025<br \/>\n<\/strong>Christi Himmelfahrt (Feiertag, KIGA geschlossen)<\/p>\n<p><strong>Freitag, 30.05.2025<br \/>\n<\/strong>Br\u00fcckentag (KIGA geschlossen)<\/p>\n<p><strong>09.06.2025 &#8211; 13.06.2025\u00a0<\/strong><br \/>\nPfingstferien (KIGA geschlossen)<\/p>\n<p><strong>Donnerstag, 19.06.2025<br \/>\n<\/strong>Fronleichnam (Feiertag, KIGA geschlossen)<\/p>\n<p><strong>Freitag, 20.06.2025<\/strong><br \/>\nBr\u00fcckentag (Feiertag, KIGA geschlossen)<\/p>\n<p><strong>Freitag, 01.08.2025<\/strong><br \/>\nab 12 Uhr gemeinsamer Rausschmiss der Rehe<\/p>\n<p><strong>04.08.2025 &#8211; 22.08.2025<\/strong><br \/>\nSommerferien (KIGA geschlossen)<\/p>\n<p><strong>Montag, 25.08.2025<br \/>\n<\/strong>Planungstag<\/p>\n<p>&nbsp;<\/p>\n<p>&nbsp;<\/p>\n<p>&nbsp;<\/p>\n","protected":false},"excerpt":{"rendered":"<p>Schlie\u00dftage und Termine f\u00fcr das Naturkindergarten-Jahr 2024\/25 Montag, 14.10.2024 Arbeitskreistreffen (ab 13.30 Uhr geschlossen) Freitag, 01.11.2024 Allerheiligen (Feiertag) Dienstag, 12.11.2024 Sankt Martin (17.30 &#8211; 18.30 Uhr) Mittwoch, 20.11.2024 Bu\u00df- und Bettag, interne Fortbildung (KIGA geschlossen) Freitag, 06.12.2024\u00a0 Nikolausfeier (gruppenintern) Mittwoch, 11.12.2024 Adventsnachmittag 15.30 &#8211; 17 Uhr Freitag, 20.12.2024 Weihnachtsfeier (gruppenintern) Kiga schlie\u00dft um 12 Uhr [&hellip;]<\/p>\n","protected":false},"author":3,"featured_media":0,"parent":0,"menu_order":0,"comment_status":"closed","ping_status":"closed","template":"","meta":{"_acf_changed":false,"footnotes":""},"class_list":["post-125","page","type-page","status-publish","hentry"],"acf":[],"_links":{"self":[{"href":"https:\/\/kitas-randersacker.de\/naturkindergarten\/wp-json\/wp\/v2\/pages\/125","targetHints":{"allow":["GET"]}}],"collection":[{"href":"https:\/\/kitas-randersacker.de\/naturkindergarten\/wp-json\/wp\/v2\/pages"}],"about":[{"href":"https:\/\/kitas-randersacker.de\/naturkindergarten\/wp-json\/wp\/v2\/types\/page"}],"author":[{"embeddable":true,"href":"https:\/\/kitas-randersacker.de\/naturkindergarten\/wp-json\/wp\/v2\/users\/3"}],"replies":[{"embeddable":true,"href":"https:\/\/kitas-randersacker.de\/naturkindergarten\/wp-json\/wp\/v2\/comments?post=125"}],"version-history":[{"count":16,"href":"https:\/\/kitas-randersacker.de\/naturkindergarten\/wp-json\/wp\/v2\/pages\/125\/revisions"}],"predecessor-version":[{"id":234,"href":"https:\/\/kitas-randersacker.de\/naturkindergarten\/wp-json\/wp\/v2\/pages\/125\/revisions\/234"}],"wp:attachment":[{"href":"https:\/\/kitas-randersacker.de\/naturkindergarten\/wp-json\/wp\/v2\/media?parent=125"}],"curies":[{"name":"wp","href":"https:\/\/api.w.org\/{rel}","templated":true}]}}