{"id":36,"date":"2020-05-28T10:29:47","date_gmt":"2020-05-28T08:29:47","guid":{"rendered":"https:\/\/kitas-randersacker.de\/kita\/?page_id=36"},"modified":"2020-10-05T08:06:24","modified_gmt":"2020-10-05T06:06:24","slug":"startseite","status":"publish","type":"page","link":"https:\/\/kitas-randersacker.de\/kita\/","title":{"rendered":"Startseite"},"content":{"rendered":"<h1>Herzlich Willkommen auf der Website der Kindertagesst\u00e4tte in Randersacker<\/h1>\n<p><img loading=\"lazy\" decoding=\"async\" class=\"alignnone size-full wp-image-145\" src=\"https:\/\/kitas-randersacker.de\/kita\/wp-content\/uploads\/sites\/2\/2020\/06\/kindergartenHaupteingang-1.jpg\" alt=\"\" width=\"900\" height=\"600\" srcset=\"https:\/\/kitas-randersacker.de\/kita\/wp-content\/uploads\/sites\/2\/2020\/06\/kindergartenHaupteingang-1.jpg 900w, https:\/\/kitas-randersacker.de\/kita\/wp-content\/uploads\/sites\/2\/2020\/06\/kindergartenHaupteingang-1-300x200.jpg 300w, https:\/\/kitas-randersacker.de\/kita\/wp-content\/uploads\/sites\/2\/2020\/06\/kindergartenHaupteingang-1-768x512.jpg 768w\" sizes=\"auto, (max-width: 900px) 100vw, 900px\" \/><\/p>\n<p>Auf unserer neu gestalteten Homepage k\u00f6nnen Sie sich \u00fcber unsere Einrichtung informieren. Sie finden neben unserem Konzept und der Kindergartenordnung auch Neuigkeiten aus der Kita sowie einen Link zur Anmeldung und Umbuchung. Die Vorstellung unseres Teams, die aktuellen Termine sowie Bilder unserer R\u00e4umlichkeiten runden unser Angebot auf der Website ab.<\/p>\n<p>Bei Fragen finden Sie nat\u00fcrlich auch unsere Kontaktm\u00f6glichkeiten auf der Homepage.<\/p>\n<p>Ihr Kita-Team<\/p>\n","protected":false},"excerpt":{"rendered":"<p>Herzlich Willkommen auf der Website der Kindertagesst\u00e4tte in Randersacker Auf unserer neu gestalteten Homepage k\u00f6nnen Sie sich \u00fcber unsere Einrichtung informieren. Sie finden neben unserem Konzept und der Kindergartenordnung auch Neuigkeiten aus der Kita sowie einen Link zur Anmeldung und Umbuchung. Die Vorstellung unseres Teams, die aktuellen Termine sowie Bilder unserer R\u00e4umlichkeiten runden unser Angebot [&hellip;]<\/p>\n","protected":false},"author":1,"featured_media":0,"parent":0,"menu_order":0,"comment_status":"closed","ping_status":"closed","template":"","meta":{"_acf_changed":false,"footnotes":""},"class_list":["post-36","page","type-page","status-publish","hentry"],"acf":[],"_links":{"self":[{"href":"https:\/\/kitas-randersacker.de\/kita\/wp-json\/wp\/v2\/pages\/36","targetHints":{"allow":["GET"]}}],"collection":[{"href":"https:\/\/kitas-randersacker.de\/kita\/wp-json\/wp\/v2\/pages"}],"about":[{"href":"https:\/\/kitas-randersacker.de\/kita\/wp-json\/wp\/v2\/types\/page"}],"author":[{"embeddable":true,"href":"https:\/\/kitas-randersacker.de\/kita\/wp-json\/wp\/v2\/users\/1"}],"replies":[{"embeddable":true,"href":"https:\/\/kitas-randersacker.de\/kita\/wp-json\/wp\/v2\/comments?post=36"}],"version-history":[{"count":17,"href":"https:\/\/kitas-randersacker.de\/kita\/wp-json\/wp\/v2\/pages\/36\/revisions"}],"predecessor-version":[{"id":294,"href":"https:\/\/kitas-randersacker.de\/kita\/wp-json\/wp\/v2\/pages\/36\/revisions\/294"}],"wp:attachment":[{"href":"https:\/\/kitas-randersacker.de\/kita\/wp-json\/wp\/v2\/media?parent=36"}],"curies":[{"name":"wp","href":"https:\/\/api.w.org\/{rel}","templated":true}]}}