{"id":199,"date":"2020-07-08T09:06:13","date_gmt":"2020-07-08T07:06:13","guid":{"rendered":"https:\/\/kitas-randersacker.de\/kita\/?page_id=199"},"modified":"2026-02-19T12:23:54","modified_gmt":"2026-02-19T11:23:54","slug":"kindergartenordnung","status":"publish","type":"page","link":"https:\/\/kitas-randersacker.de\/kita\/kindergartenordnung\/","title":{"rendered":"Kindergartenordnung"},"content":{"rendered":"<p><strong>Aufnahme:<\/strong><\/p>\n<ul>\n<li>Kinder ab Vollendung des ersten Lebensjahres bis zum Schuleintritt<\/li>\n<li>Anmeldeformulare stehen<\/li>\n<\/ul>\n<ol>\n<li>zum <a href=\"https:\/\/publish.cmcitymedia.de\/data\/form\/form.72917.1653042527.574720630.pdf\">Download<\/a> bereit<\/li>\n<li>im Rathaus der Gemeinde Randersacker<\/li>\n<li>oder direkt in der Kita zur Verf\u00fcgung.<\/li>\n<\/ol>\n<p>Die Best\u00e4tigung des Aufnahmetermins erfolgt fr\u00fchestens 6 Monate vor Aufnahme.<\/p>\n<p>Sie k\u00f6nnen Ihr Kind bereits vor der Geburt anmelden, geben Sie dazu bitte auf dem Formular den Entbindungstermin an.<\/p>\n<p><strong>Umbuchen:<\/strong><\/p>\n<ul>\n<li>Zu Beginn jedes Kitajahres (01.09.) k\u00f6nnen Buchungsstunden ver\u00e4ndert werden<\/li>\n<li>Eine Umbuchung (keine Erh\u00f6hung\/K\u00fcrzung der Stunden) kann auch w\u00e4hrend des laufenden Kitajahres gemacht werden (Frist: 4 Wochen zum Monatsende)<\/li>\n<\/ul>\n<p><strong>Abmeldung:<\/strong><\/p>\n<ul>\n<li>Mit einer Frist von 6 Wochen zum Monatsende kann ein Kind (schriftlich) abgemeldet werden<\/li>\n<li>Eine Abmeldung zum 31.07. eines Jahres ist nicht m\u00f6glich<\/li>\n<\/ul>\n<p><strong>Krankheiten: Bitte zuhause lassen!!!<\/strong><\/p>\n<ul>\n<li>Kranke Kinder d\u00fcrfen eine Kita nicht besuchen \u2013 sie geh\u00f6ren nach Hause. Dies gilt selbstverst\u00e4ndlich auch f\u00fcr unsere Einrichtung.Bei folgenden Symptomen darf Ihr Kind unsere Einrichtung nicht besuchen (\u00fcbernommen nach Empfehlung der DGUV):\n<ul>\n<li>Fieber (&gt;38 Grad Celsius) akut oder in den letzten 48 Stunden<\/li>\n<li>Durchfall, \u00dcbelkeit oder Erbrechen akut oder in den letzten 48 Stunden<\/li>\n<li>Rote, entz\u00fcndete Augen und verst\u00e4rkter Tr\u00e4nenfluss<\/li>\n<li>Ersch\u00f6pfender Husten<\/li>\n<li>Nicht-juckender Hautausschlag an den H\u00e4nden und Bl\u00e4schen im Mund<\/li>\n<li>Akute Symptome, die einen schlechten Allgemeinzustand zur Folge haben<\/li>\n<\/ul>\n<p>Zudem weisen wir Sie darauf hin, dass wir bei unklaren Symptomen und Diagnosen ein \u00e4rztliches Attest \u00fcber die Wiederzulassung zur Gemeinschaftseinrichtung verlangen k\u00f6nnen.<\/p>\n<p>Wir behalten uns vor, kranke Kinder nicht zu betreuen, bzw. kranke Kinder abholen zu lassen.<\/p>\n<p>Diese Richtlinien dienen dazu, Krankheiten und Infektionsketten in unserer Einrichtung zu vermeiden. Bitte helfen Sie alle dazu mit und halten sich an die Regelungen.<\/li>\n<li>Ansteckende Krankheiten wie z.B Windpocken, Keuchhusten, Noro-Virus und R\u00f6teln m\u00fcssen uns sofort mitgeteilt werden, da wir eine Meldepflicht dem Gesundheitsamt gegen\u00fcber haben. Bei Wiedereintritt brauchen wir eine Best\u00e4tigung des Arztes, dass das Kind ansteckungsfrei ist.<\/li>\n<li>Wir d\u00fcrfen keine Medikamente verabreichen. Bei Ausnahmen gibt es bei uns ein Formular, welches von Ihnen ausgef\u00fcllt werden muss.<\/li>\n<\/ul>\n<p><strong>\u201eGeimpft\/gesch\u00fctzt\u201c:<\/strong><\/p>\n<ul>\n<li>So nennt sich die Impfempfehlung des bayerischen Staatsministeriums f\u00fcr Gesundheit und Pflege, die Sie als Eltern \u00fcber Impfungen im S\u00e4uglings- und Kleinkindalter informiert. (Internet: <a href=\"http:\/\/www.impfen.bayern.de\/\">www.Impfen.bayern.de<\/a>)<\/li>\n<\/ul>\n<ul>\n<li>Bei Eintritt in unsere Kita muss uns der Impfausweis des Kindes vorgelegt werden. Wenn Ihr Kind keinen Impfschutz hat und Sie als Eltern keine Impfberatung hatten, m\u00fcssen wir nach dem Infektionsschutzgesetz (ifSG) das Gesundheitsamt informieren.<\/li>\n<\/ul>\n<p><strong>Warmes<\/strong><strong> Essen:<\/strong><\/p>\n<ul>\n<li>Unser Mittagessenlieferant ist das Restaurant \u00d6chsle aus Ochsenfurt.<\/li>\n<li>Zum Preis von 3,80 \u20ac kann ein warmes Essen bestellt werden (auch tageweise m\u00f6glich).<\/li>\n<li>Die Speisepl\u00e4ne h\u00e4ngen an den Gruppenpinnw\u00e4nden aus, Eltern k\u00f6nnen sich selbstst\u00e4ndig eintragen.<\/li>\n<li>Warmes Mittagessen kann nur in den Kindergartengruppen bestellt werden.<\/li>\n<li>Das Essen wird immer monatsweise bestellt, bitte beachten Sie die Anmeldefristen in den Gruppen.<\/li>\n<\/ul>\n<p><strong>Aufsichtspflicht und Versicherung:<\/strong><\/p>\n<ul>\n<li>Es ist wichtig, dass Sie Ihr Kind pers\u00f6nlich bei der anwesenden p\u00e4dagogischen Fachkraft abgeben, denn dadurch beginnt unsere Aufsichtspflicht.<\/li>\n<li>Die Aufsichtspflicht endet, wenn Sie Ihr Kind abgeholt und es beim Betreuungspersonal abgemeldet haben.<\/li>\n<li>Auf dem direkten Weg von der Wohnung zur Kita, sowie in der Kita ist das Kind gesetzlich unfallversichert.<\/li>\n<li>Alle Unf\u00e4lle, die auf dem Weg oder in der Kita eine \u00e4rztliche Behandlung zur Folge haben, sind der Leitung der Kita unverz\u00fcglich zu melden.<\/li>\n<li>Kindern unter 14 Jahren ist es nicht erlaubt ein Kitakind abzuholen. Sonderregelungen sind mit schriftlichem Antrag vom Erziehungsberechtigten m\u00f6glich. Gew\u00e4hrt wird dies nach p\u00e4dagogischem Ermessen von der Kita-Leitung.<\/li>\n<li>Bei Veranstaltungen (Sommerfest, Martinsfeier usw.) liegt die Aufsichtspflicht immer bei den Eltern oder den begleitenden Personen.<\/li>\n<li>F\u00fcr die pers\u00f6nlichen Gegenst\u00e4nde (Kleidung, Kuscheltiere usw.) wird keine Haftung \u00fcbernommen. Wir empfehlen deshalb die Dinge Ihrer Kinder mit Namen zu versehen.<\/li>\n<\/ul>\n<p><strong>Bring- und Abholzeiten: <\/strong><\/p>\n<ul>\n<li>Unsere Kernzeiten sind von 9.00 Uhr \u2013 12.00 Uhr am Vormittag und von 14.00 Uhr \u2013 15.30 Uhr am Nachmittag. In diesen Zeiten sollten Kinder weder gebracht noch abgeholt werden. Ausnahmen sind nur nach vorheriger Absprache mit dem Personal in der jeweiligen Gruppe m\u00f6glich.<\/li>\n<li>Die Bring- und Abholzeiten sind bereits in den Buchungszeiten eingeschlossen, d.h. wenn Sie bis 16:30 Uhr gebucht haben, sollten Sie entsprechend fr\u00fcher in der Einrichtung sein, so das auch das p\u00e4dagogische Personal bis 16:30 Uhr die T\u00fcren schlie\u00dfen kann.<\/li>\n<li>Wir \u00fcbergeben die Kinder nur den Sorgeberechtigten. Diese k\u00f6nnen jedoch schriftlich festlegen, welche Personen zus\u00e4tzlich abholberechtigt sind.<\/li>\n<li>Soll Ihr Kind von einer anderen Person abgeholt werden, sagen Sie bitte Bescheid und tragen dies in die ausgeh\u00e4ngten Abhollisten (der jeweiligen Gruppe) ein. Wir behalten uns vor, einen Ausweis zeigen zu lassen.<\/li>\n<li>Wenn Ihr Kind nicht in die Kita kommt, geben Sie uns bitte bis 9.00 Uhr Bescheid.<\/li>\n<\/ul>\n<p><strong>Buchungszeiten:<\/strong><\/p>\n<ul>\n<li>Damit wir dem gesetzlich vorgeschriebenen Bildungsauftrag in vollem Umfang nachkommen k\u00f6nnen, gilt f\u00fcr Kindergartenkinder eine Mindestbuchungszeit von 4 Stunden pro Tag, f\u00fcr die Kleinkindgruppe 3 Stunden pro Tag. Diese Mindestbuchungszeit ist am Vormittag einzubringen.<\/li>\n<li>Ein regelm\u00e4\u00dfiger Besuch unserer Kita ist f\u00fcr eine gute Bildung, Erziehung und Betreuung Voraussetzung.<\/li>\n<li>Sp\u00e4testens 3 Monate vor Eintritt in unsere Kita ben\u00f6tigen wir eine verbindliche Angabe der Buchungszeiten.<\/li>\n<\/ul>\n<p><strong>Fotos und Handys: <\/strong><\/p>\n<ul>\n<li>Es d\u00fcrfen keine Fotos von anderen Kindern gemacht werden, auch nicht in der Eingew\u00f6hnungszeit! Dies gilt nicht f\u00fcr \u00f6ffentliche Veranstaltungen wie bspw. bei unserem Sommerfest.<\/li>\n<li>Wenn Sie Ihr Kind abholen, sollte Ihr Handy in der Tasche bleibt, damit Sie sich ganz auf Ihr Kind konzentrieren k\u00f6nnen.<\/li>\n<\/ul>\n<p><strong>Schweigepflicht:<\/strong><\/p>\n<ul>\n<li>Vor allem w\u00e4hrend der Eingew\u00f6hnungszeit erfahren Sie eventuell einiges \u00fcber Kinder in unserer Einrichtung. Diese Informationen d\u00fcrfen nicht nach au\u00dfen getragen werden.<\/li>\n<\/ul>\n<p><strong>Geb\u00fchren ab 01.09.2025:<br \/>\n<\/strong><\/p>\n<table style=\"height: 302px\" width=\"885\">\n<tbody>\n<tr>\n<td width=\"84\">&nbsp;<\/p>\n<p>Stunden\/<\/p>\n<p>tgl.<\/td>\n<td width=\"65\">&nbsp;<\/p>\n<p>1\u20132<\/td>\n<td width=\"64\">&nbsp;<\/p>\n<p>2\u20133<\/td>\n<td width=\"66\">&nbsp;<\/p>\n<p>3\u20134<\/td>\n<td width=\"66\">&nbsp;<\/p>\n<p>4\u20135<\/td>\n<td width=\"67\">&nbsp;<\/p>\n<p>5\u20136<\/td>\n<td width=\"65\">&nbsp;<\/p>\n<p>6\u20137<\/td>\n<td width=\"68\">&nbsp;<\/p>\n<p>7\u20138<\/td>\n<td width=\"68\">&nbsp;<\/p>\n<p>8\u20139<\/td>\n<td width=\"69\">&nbsp;<\/p>\n<p>9\u201310<\/td>\n<\/tr>\n<tr>\n<td width=\"84\">&nbsp;<\/p>\n<p>unter 3j\u00e4hrige<\/p>\n<p>Kinder<\/td>\n<td width=\"65\">&nbsp;<\/p>\n<p>(*)<\/td>\n<td width=\"64\">&nbsp;<\/p>\n<p>200,56 \u20ac<\/td>\n<td width=\"66\">&nbsp;<\/p>\n<p>222,85 \u20ac<\/td>\n<td width=\"66\">&nbsp;<\/p>\n<p>245,14,\u2013 \u20ac<\/td>\n<td width=\"67\">&nbsp;<\/p>\n<p>267,42 \u20ac<\/td>\n<td width=\"65\">&nbsp;<\/p>\n<p>289,71 \u20ac<\/td>\n<td width=\"68\">&nbsp;<\/p>\n<p>311,99 \u20ac<\/td>\n<td width=\"68\">&nbsp;<\/p>\n<p>334,28 \u20ac<\/td>\n<td width=\"69\">&nbsp;<\/p>\n<p>356,56 \u20ac<\/td>\n<\/tr>\n<tr>\n<td width=\"84\">&nbsp;<\/p>\n<p>\u00fcber 3j\u00e4hrige<\/p>\n<p>Kinder<\/td>\n<td width=\"65\">&nbsp;<\/p>\n<p>(*)<\/td>\n<td width=\"64\">&nbsp;<\/p>\n<p>(*)<\/td>\n<td width=\"66\">&nbsp;<\/p>\n<p>159,83 \u20ac<\/td>\n<td width=\"66\">&nbsp;<\/p>\n<p>175,80 \u20ac<\/td>\n<td width=\"67\">&nbsp;<\/p>\n<p>191,79 \u20ac<\/td>\n<td width=\"65\">&nbsp;<\/p>\n<p>207,77 \u20ac<\/td>\n<td width=\"68\">&nbsp;<\/p>\n<p>223,76 \u20ac<\/td>\n<td width=\"68\">&nbsp;<\/p>\n<p>239,73 \u20ac<\/td>\n<td width=\"69\">&nbsp;<\/p>\n<p>255,72 \u20ac<\/td>\n<\/tr>\n<\/tbody>\n<\/table>\n<p>(*) F\u00fcr Kindergartenkinder gilt eine Mindestbuchungszeit von 3-4 Stunden pro Tag und f\u00fcr Kinder in der Kleinkindgruppe 2-3 Stunden pro Tag.<\/p>\n","protected":false},"excerpt":{"rendered":"<p>Aufnahme: Kinder ab Vollendung des ersten Lebensjahres bis zum Schuleintritt Anmeldeformulare stehen zum Download bereit im Rathaus der Gemeinde Randersacker oder direkt in der Kita zur Verf\u00fcgung. Die Best\u00e4tigung des Aufnahmetermins erfolgt fr\u00fchestens 6 Monate vor Aufnahme. Sie k\u00f6nnen Ihr Kind bereits vor der Geburt anmelden, geben Sie dazu bitte auf dem Formular den Entbindungstermin [&hellip;]<\/p>\n","protected":false},"author":2,"featured_media":0,"parent":0,"menu_order":0,"comment_status":"closed","ping_status":"closed","template":"","meta":{"_acf_changed":false,"footnotes":""},"class_list":["post-199","page","type-page","status-publish","hentry"],"acf":[],"_links":{"self":[{"href":"https:\/\/kitas-randersacker.de\/kita\/wp-json\/wp\/v2\/pages\/199","targetHints":{"allow":["GET"]}}],"collection":[{"href":"https:\/\/kitas-randersacker.de\/kita\/wp-json\/wp\/v2\/pages"}],"about":[{"href":"https:\/\/kitas-randersacker.de\/kita\/wp-json\/wp\/v2\/types\/page"}],"author":[{"embeddable":true,"href":"https:\/\/kitas-randersacker.de\/kita\/wp-json\/wp\/v2\/users\/2"}],"replies":[{"embeddable":true,"href":"https:\/\/kitas-randersacker.de\/kita\/wp-json\/wp\/v2\/comments?post=199"}],"version-history":[{"count":20,"href":"https:\/\/kitas-randersacker.de\/kita\/wp-json\/wp\/v2\/pages\/199\/revisions"}],"predecessor-version":[{"id":691,"href":"https:\/\/kitas-randersacker.de\/kita\/wp-json\/wp\/v2\/pages\/199\/revisions\/691"}],"wp:attachment":[{"href":"https:\/\/kitas-randersacker.de\/kita\/wp-json\/wp\/v2\/media?parent=199"}],"curies":[{"name":"wp","href":"https:\/\/api.w.org\/{rel}","templated":true}]}}