{"id":197,"date":"2020-07-08T08:59:29","date_gmt":"2020-07-08T06:59:29","guid":{"rendered":"https:\/\/kitas-randersacker.de\/kita\/?page_id=197"},"modified":"2020-07-08T08:59:29","modified_gmt":"2020-07-08T06:59:29","slug":"kooperation-netzwerk","status":"publish","type":"page","link":"https:\/\/kitas-randersacker.de\/kita\/konzeption\/kooperation-netzwerk\/","title":{"rendered":"Kooperation Netzwerk"},"content":{"rendered":"<p>Wir sch\u00e4tzen die Zusammenarbeit mit anderen Institutionen, die unsere Arbeit mit ihrem Fachwissen und ihrer Kompetenz erg\u00e4nzen.<\/p>\n<p>Die Zusammenarbeit mit anderen Bildungseinrichtungen f\u00f6rdert die Qualit\u00e4t und bereichert unsere p\u00e4dagogische Arbeit:<\/p>\n<ul>\n<li>Tr\u00e4ger: Markt Randersacker<\/li>\n<li>Fr\u00fchf\u00f6rderstelle<\/li>\n<li>Ergotherapeuten<\/li>\n<li>Heilp\u00e4dagogen<\/li>\n<li>Grundschule Randersacker<\/li>\n<li>Fachschule\/Universit\u00e4t<\/li>\n<li>Lese-Oma (Helga)<\/li>\n<li>Senioren<\/li>\n<li>Erziehungsberatungsstellen<\/li>\n<li>Kreisjugendamt mit Fachaufsicht und Fachberatung<\/li>\n<li>Logop\u00e4den<\/li>\n<li>Psychologen<\/li>\n<li>Hort<\/li>\n<li>Gesundheitsamt<\/li>\n<li>Pfarrgemeinde<\/li>\n<li>Krippentreff<\/li>\n<li>Fachschulen<\/li>\n<\/ul>\n","protected":false},"excerpt":{"rendered":"<p>Wir sch\u00e4tzen die Zusammenarbeit mit anderen Institutionen, die unsere Arbeit mit ihrem Fachwissen und ihrer Kompetenz erg\u00e4nzen. Die Zusammenarbeit mit anderen Bildungseinrichtungen f\u00f6rdert die Qualit\u00e4t und bereichert unsere p\u00e4dagogische Arbeit: Tr\u00e4ger: Markt Randersacker Fr\u00fchf\u00f6rderstelle Ergotherapeuten Heilp\u00e4dagogen Grundschule Randersacker Fachschule\/Universit\u00e4t Lese-Oma (Helga) Senioren Erziehungsberatungsstellen Kreisjugendamt mit Fachaufsicht und Fachberatung Logop\u00e4den Psychologen Hort Gesundheitsamt Pfarrgemeinde Krippentreff Fachschulen<\/p>\n","protected":false},"author":2,"featured_media":0,"parent":20,"menu_order":0,"comment_status":"closed","ping_status":"closed","template":"","meta":{"_acf_changed":false,"footnotes":""},"class_list":["post-197","page","type-page","status-publish","hentry"],"acf":[],"_links":{"self":[{"href":"https:\/\/kitas-randersacker.de\/kita\/wp-json\/wp\/v2\/pages\/197","targetHints":{"allow":["GET"]}}],"collection":[{"href":"https:\/\/kitas-randersacker.de\/kita\/wp-json\/wp\/v2\/pages"}],"about":[{"href":"https:\/\/kitas-randersacker.de\/kita\/wp-json\/wp\/v2\/types\/page"}],"author":[{"embeddable":true,"href":"https:\/\/kitas-randersacker.de\/kita\/wp-json\/wp\/v2\/users\/2"}],"replies":[{"embeddable":true,"href":"https:\/\/kitas-randersacker.de\/kita\/wp-json\/wp\/v2\/comments?post=197"}],"version-history":[{"count":1,"href":"https:\/\/kitas-randersacker.de\/kita\/wp-json\/wp\/v2\/pages\/197\/revisions"}],"predecessor-version":[{"id":198,"href":"https:\/\/kitas-randersacker.de\/kita\/wp-json\/wp\/v2\/pages\/197\/revisions\/198"}],"up":[{"embeddable":true,"href":"https:\/\/kitas-randersacker.de\/kita\/wp-json\/wp\/v2\/pages\/20"}],"wp:attachment":[{"href":"https:\/\/kitas-randersacker.de\/kita\/wp-json\/wp\/v2\/media?parent=197"}],"curies":[{"name":"wp","href":"https:\/\/api.w.org\/{rel}","templated":true}]}}