{"id":191,"date":"2020-07-08T08:49:19","date_gmt":"2020-07-08T06:49:19","guid":{"rendered":"https:\/\/kitas-randersacker.de\/kita\/?page_id=191"},"modified":"2024-01-16T08:45:33","modified_gmt":"2024-01-16T07:45:33","slug":"uebergaenge-und-eingewoehnung","status":"publish","type":"page","link":"https:\/\/kitas-randersacker.de\/kita\/konzeption\/uebergaenge-und-eingewoehnung\/","title":{"rendered":"\u00dcberg\u00e4nge und Eingew\u00f6hnung"},"content":{"rendered":"<p>Unser Ziel ist es, die Kinder bei den \u00dcberg\u00e4ngen liebevoll zu begleiten.<\/p>\n<p>Wir achten darauf, dass sowohl die Bed\u00fcrfnisse der Kinder nach Sicherheit und Vertrauen, als auch die Bed\u00fcrfnisse der Eltern nach Transparenz und Information im partnerschaftlichen Miteinander erf\u00fcllt werden.<\/p>\n<p>&nbsp;<\/p>\n<p><strong>Eingew\u00f6hnung in die Kleinkindgruppe<\/strong><\/p>\n<p>4 bis 5 Wochen vor dem ersten Tag bei unseren B\u00e4rchen wird das neue Kind mit seinen Eltern zu einem Begr\u00fc\u00dfungsgespr\u00e4ch eingeladen.<\/p>\n<p>Die Eingew\u00f6hnungsphase, die wir f\u00fcr jedes Kind individuell gestalten, dauert etwa 4 &#8211; 5 Wochen.<\/p>\n<p>In der ersten Woche kommt das Kind t\u00e4glich mit einem Elternteil f\u00fcr etwa eine Stunde, je nach Bed\u00fcrfnis des Kindes, in seine Gruppe.<\/p>\n<p>In der zweiten Woche beginnt die Trennungsphase von den Eltern, die individuell gesteigert wird.<\/p>\n<p>Dabei ist es uns sehr wichtig, dass wir uns am Kind orientieren und einen sehr guten und regelm\u00e4\u00dfigen Austausch mit den Eltern haben.<\/p>\n<p>Wenn sich das Kind gut eingelebt und Vertrauen gefasst hat, bieten wir (fr\u00fchestens nach 5 Wochen), einen Schlafplatz an.<\/p>\n<p>&nbsp;<\/p>\n<p><strong>\u00dcbergang von der Kleinkind- in die Kindergartengruppe<\/strong><\/p>\n<p>Im letzten Monat vor dem Wechsel in die Kindergartengruppe besucht das Kind mehrmals gemeinsam mit einer Bezugsperson (von den B\u00e4rchen) seine neue Gruppe. Mutige Kinder, die m\u00f6chten, d\u00fcrfen auch einige Zeit alleine in ihrer zuk\u00fcnftigen Gruppe verbringen. Gerne bieten wir ein \u00dcbergabegespr\u00e4ch zwischen Eltern und p\u00e4dagogischem Fachpersonal (B\u00e4rchen\/Kiga) an. In diesem tauschen wir Informationen untereinander aus und lernen uns kennen. W\u00fcnsche, \u00c4ngste und Unsicherheiten k\u00f6nnen dadurch gekl\u00e4rt werden.<\/p>\n<p>&nbsp;<\/p>\n<p><strong>\u00dcbergang von zu Hause in die Kindergartengruppe<\/strong><\/p>\n<p>Kinder, die nicht bei unseren B\u00e4rchen waren, schnuppern zu Beginn ihrer Kindergartenzeit mehrmals mit einer begleitenden Bezugsperson in ihrer neuen Gruppe. Wir achten dabei darauf, dass sich die Kinder langsam eingew\u00f6hnen. Dabei ist es uns wichtig, w\u00e4hrend dieser Zeit eine gute Vertrauensbasis zwischen dem Kind, den Eltern und uns aufzubauen. Gerne d\u00fcrfen die Eltern bei Bedarf den Morgenkreis und den Tagesablauf miterleben. F\u00fcr manche Kinder ist es hilfreich, etwas Vertrautes, z.B. ein Kuscheltier, von zu Hause mitzubringen.<\/p>\n<p>&nbsp;<\/p>\n<p><strong>\u00dcbergang<\/strong><strong> von Kiga zur Schule<\/strong><\/p>\n<p>Im Laufe des letzten Kindergartenjahres d\u00fcrfen unsere Vorschulkinder die Grundschule in Randersacker n\u00e4her kennenlernen. Dabei werden sie von uns begleitet. Sie erhalten einen ersten Eindruck von Lehrern, vom Schulgeb\u00e4ude und den Abl\u00e4ufen des Schulalltags.<\/p>\n<p><em>Aktionen w\u00e4hrend des Kita-Jahres<\/em><\/p>\n<ul>\n<li>Gesundes Fr\u00fchst\u00fcck: Die Schulkinder laden die Vorschulkinder zu einem gemeinsamen Fr\u00fchst\u00fcck in die Schule ein.<\/li>\n<li>Die Vorschulkinder basteln in der Schule gemeinsam mit ihren zuk\u00fcnftigen Lehrern und deren Klassen ihre eigenen Kunstkisten.<\/li>\n<li>Schnupperstunde: Die Vorschulkinder d\u00fcrfen zwei Schulstunden miterleben.<\/li>\n<li>Die Erst- und Zweitkl\u00e4ssler besuchen uns im Kindergarten, lesen uns vor, singen mit uns gemeinsam und zeigen uns das Packen der B\u00fcchertasche.<\/li>\n<\/ul>\n<p>Ein gemeinsamer Elternabend mit den zuk\u00fcnftigen Lehrern ist ein fester Bestandteil unseres Kita-Jahres. Die Eltern lernen die Lehrer kennen, \u00c4ngste und Sorgen werden besprochen. Au\u00dferdem erfahren sie, was ihre Kinder bereits im Kindergarten gelernt haben und was noch wichtig f\u00fcr einen guten Start in die Schulzeit ist.<\/p>\n<p>&nbsp;<\/p>\n","protected":false},"excerpt":{"rendered":"<p>Unser Ziel ist es, die Kinder bei den \u00dcberg\u00e4ngen liebevoll zu begleiten. Wir achten darauf, dass sowohl die Bed\u00fcrfnisse der Kinder nach Sicherheit und Vertrauen, als auch die Bed\u00fcrfnisse der Eltern nach Transparenz und Information im partnerschaftlichen Miteinander erf\u00fcllt werden. &nbsp; Eingew\u00f6hnung in die Kleinkindgruppe 4 bis 5 Wochen vor dem ersten Tag bei unseren [&hellip;]<\/p>\n","protected":false},"author":2,"featured_media":0,"parent":20,"menu_order":0,"comment_status":"closed","ping_status":"closed","template":"","meta":{"_acf_changed":false,"footnotes":""},"class_list":["post-191","page","type-page","status-publish","hentry"],"acf":[],"_links":{"self":[{"href":"https:\/\/kitas-randersacker.de\/kita\/wp-json\/wp\/v2\/pages\/191","targetHints":{"allow":["GET"]}}],"collection":[{"href":"https:\/\/kitas-randersacker.de\/kita\/wp-json\/wp\/v2\/pages"}],"about":[{"href":"https:\/\/kitas-randersacker.de\/kita\/wp-json\/wp\/v2\/types\/page"}],"author":[{"embeddable":true,"href":"https:\/\/kitas-randersacker.de\/kita\/wp-json\/wp\/v2\/users\/2"}],"replies":[{"embeddable":true,"href":"https:\/\/kitas-randersacker.de\/kita\/wp-json\/wp\/v2\/comments?post=191"}],"version-history":[{"count":6,"href":"https:\/\/kitas-randersacker.de\/kita\/wp-json\/wp\/v2\/pages\/191\/revisions"}],"predecessor-version":[{"id":464,"href":"https:\/\/kitas-randersacker.de\/kita\/wp-json\/wp\/v2\/pages\/191\/revisions\/464"}],"up":[{"embeddable":true,"href":"https:\/\/kitas-randersacker.de\/kita\/wp-json\/wp\/v2\/pages\/20"}],"wp:attachment":[{"href":"https:\/\/kitas-randersacker.de\/kita\/wp-json\/wp\/v2\/media?parent=191"}],"curies":[{"name":"wp","href":"https:\/\/api.w.org\/{rel}","templated":true}]}}