{"id":154,"date":"2020-06-10T10:51:48","date_gmt":"2020-06-10T08:51:48","guid":{"rendered":"https:\/\/kitas-randersacker.de\/kita\/?page_id=154"},"modified":"2020-07-09T11:37:59","modified_gmt":"2020-07-09T09:37:59","slug":"partizipation-und-beteiligung","status":"publish","type":"page","link":"https:\/\/kitas-randersacker.de\/kita\/konzeption\/partizipation-und-beteiligung\/","title":{"rendered":"Partizipation und Beteiligung"},"content":{"rendered":"<p>In der P\u00e4dagogik versteht man unter dem Begriff \u201ePartizipation\u201c die Einbeziehung von Kindern und Jugendlichen bei entsprechenden Entscheidungsprozessen. Die UN-Kinderrechtskonvention (Art. 12) sichert dem Kind zu, sich eine eigene Meinung zu bilden und diese frei zu \u00e4u\u00dfern (entsprechend seines Alters und seiner Reife). Die Meinung des Kindes wird akzeptiert und ber\u00fccksichtigt.<\/p>\n<p>Partizipation (Teilhabe\/Mitbestimmung) in unserer Kindertagesst\u00e4tte ist f\u00fcr Kinder eine erste Erfahrung mit Demokratie (Freiheit, Solidarit\u00e4t, Gleichberechtigung). F\u00fcr uns hei\u00dft dies, dass die Kinder ihren Alltag in unserer Kita aktiv mitgestalten k\u00f6nnen. Wir nehmen die Kinder ernst, trauen ihnen etwas zu und nehmen R\u00fccksicht auf ihre \u00c4ngste, Gef\u00fchle und Interessen. Wir kommen ihnen mit Achtung, Wertsch\u00e4tzung und Respekt entgegen. Durch diese Erfahrung lernen Kinder, anderen Menschen auch mit Respekt und Achtung zu begegnen.<\/p>\n<p>Wir sind somit Vorbild im Umgang mit<br \/>\n\u2022 Kindern<br \/>\n\u2022 Eltern<br \/>\n\u2022 Kolleginnen.<\/p>\n<p>Die Kinder lernen dadurch<br \/>\n\u2022 selbst Entscheidungen zu treffen<br \/>\n\u2022 ihre eigenen Interessen zu vertreten<br \/>\n\u2022 Kompromisse einzugehen, zu erarbeiten und auch zu diskutieren.<\/p>\n<p>Dadurch machen die Kinder zum Beispiel folgende Erfahrungen:<br \/>\n\u2022 Selbstbewusstsein der Kinder wird gest\u00e4rkt<br \/>\n\u2022 Bed\u00fcrfnisse in Worte fassen<br \/>\n\u2022 Meinung bilden\/andere Meinungen tolerieren<br \/>\n\u2022 Konflikte bew\u00e4ltigen\/l\u00f6sen\/aushalten<br \/>\n\u2022 Gespr\u00e4chsdisziplin (zuh\u00f6ren, aussprechen lassen)<br \/>\n\u2022 Gef\u00fchle, Interessen, W\u00fcnsche und Kritik erkennen, \u00e4u\u00dfern und begr\u00fcnden<br \/>\n\u2022 gemeinsam Entscheidungen treffen<br \/>\n\u2022 Aufgaben l\u00f6sen (gemeinsam oder allein)<br \/>\n\u2022 Verantwortung f\u00fcr sich und andere \u00fcbernehmen<\/p>\n<p>Die Kinder k\u00f6nnen sich bei uns auch im Alltag beteiligen. Beispiele daf\u00fcr sind:<br \/>\n\u2022 Sie lernen im Freispiel, was und mit wem sie spielen wollen.<br \/>\n\u2022 Sie erhalten Gelegenheit, von ihren Erlebnissen zu erz\u00e4hlen, ihre Gef\u00fchle zu schildern und ihre W\u00fcnsche zu \u00e4u\u00dfern und neue Dinge von anderen zu erfahren.<br \/>\n\u2022 Auf Initiative der Erwachsenen werden \u00fcberschaubare Zeitabschnitte reflektiert, k\u00fcnftige Aktivit\u00e4ten geplant, Gruppenregeln entwickelt und Stimmungslagen in der Gruppe aufgegriffen<br \/>\n(dabei werden Sprache, Artikulation und das freie Reden einge\u00fcbt).<\/p>\n<p>Weitere Beispiele, wie wir in der Kita Partizipation erleben, sind zum Beispiel die Organisation von Festen wie St. Martin, Weihnachten, Fasching und Sommerfest.<\/p>\n","protected":false},"excerpt":{"rendered":"<p>In der P\u00e4dagogik versteht man unter dem Begriff \u201ePartizipation\u201c die Einbeziehung von Kindern und Jugendlichen bei entsprechenden Entscheidungsprozessen. Die UN-Kinderrechtskonvention (Art. 12) sichert dem Kind zu, sich eine eigene Meinung zu bilden und diese frei zu \u00e4u\u00dfern (entsprechend seines Alters und seiner Reife). Die Meinung des Kindes wird akzeptiert und ber\u00fccksichtigt. Partizipation (Teilhabe\/Mitbestimmung) in unserer [&hellip;]<\/p>\n","protected":false},"author":1,"featured_media":0,"parent":20,"menu_order":0,"comment_status":"closed","ping_status":"closed","template":"","meta":{"_acf_changed":false,"footnotes":""},"class_list":["post-154","page","type-page","status-publish","hentry"],"acf":[],"_links":{"self":[{"href":"https:\/\/kitas-randersacker.de\/kita\/wp-json\/wp\/v2\/pages\/154","targetHints":{"allow":["GET"]}}],"collection":[{"href":"https:\/\/kitas-randersacker.de\/kita\/wp-json\/wp\/v2\/pages"}],"about":[{"href":"https:\/\/kitas-randersacker.de\/kita\/wp-json\/wp\/v2\/types\/page"}],"author":[{"embeddable":true,"href":"https:\/\/kitas-randersacker.de\/kita\/wp-json\/wp\/v2\/users\/1"}],"replies":[{"embeddable":true,"href":"https:\/\/kitas-randersacker.de\/kita\/wp-json\/wp\/v2\/comments?post=154"}],"version-history":[{"count":4,"href":"https:\/\/kitas-randersacker.de\/kita\/wp-json\/wp\/v2\/pages\/154\/revisions"}],"predecessor-version":[{"id":251,"href":"https:\/\/kitas-randersacker.de\/kita\/wp-json\/wp\/v2\/pages\/154\/revisions\/251"}],"up":[{"embeddable":true,"href":"https:\/\/kitas-randersacker.de\/kita\/wp-json\/wp\/v2\/pages\/20"}],"wp:attachment":[{"href":"https:\/\/kitas-randersacker.de\/kita\/wp-json\/wp\/v2\/media?parent=154"}],"curies":[{"name":"wp","href":"https:\/\/api.w.org\/{rel}","templated":true}]}}